e b(s).
1
Let l(v) = -2*v - 1. Let a(z) = -z - 1. Let m(n) = -4*a(n) + l(n). Let t = 12 - 8. Suppose c - 5*h - 11 = 4, t*h = -4*c - 36. Determine m(c).
-7
Let t = -7 - -3. Let r = -2 - t. Suppose 3*s - 5*n - 15 = 0, -2*s - 2*n - r*n = 12. Let h(o) = -o + 2. What is h(s)?
2
Let l(w) = 5 - 9 + 1 + 3*w**2 - 3*w + w**3. What is l(-4)?
-7
Let s(v) = -v**2 - 3*v + 1. Let d(b) = -2*b + 14. Let f = -38 + 47. Let n be d(f). Determine s(n).
-3
Let j(f) = f**3 + 18*f**2 - 20*f - 21. Suppose 0 = 15*i + 738 - 453. Give j(i).
-2
Suppose -5*g = -9 + 39. Let n(c) = -2*c**2 - 19*c + 179. Let l(z) = -z**2 - 9*z + 77. Let i(d) = 7*l(d) - 3*n(d). Give i(g).
2
Let w(r) = r**2 + 7*r + 10. Suppose -2*h + 406 = -60*h. What is w(h)?
10
Let d(z) = 14*z - 1. Suppose -25 = 24*s + 23. What is d(s)?
-29
Suppose 0 = -2*f - 2*f - 32. Let s = f - -2. Let t be 8 - (-2 + s)/(-4). Let i(g) = -g. Calculate i(t).
-6
Let m(j) be the second derivative of -j**4/6 + j**3/2 - 3*j**2/2 + 244*j. Calculate m(2).
-5
Suppose 14*c = 19*c - 33*c. Let r(y) = y**2 + y + 24. Calculate r(c).
24
Let u(d) = -11*d**2 + 7*d**2 + 7*d - 2*d**2 + 7*d**2 + 3. Suppose 4*i + 28 = -5*o, -4*i - 3*o - 28 = -8*o. Calculate u(i).
3
Let f(h) be the third derivative of 0*h**4 + 18*h**2 + 1/20*h**5 + 1/3*h**3 + 0*h + 0. What is f(2)?
14
Let x be (-1 - -2)/((-4)/(-8)). Let i(o) = -3 - o**x - 1 + 5 + 3*o + 8*o. What is i(11)?
1
Let k(y) = -35 + 3*y**3 - 11*y + 48 - 21 + 3*y**2 - 2*y**3. Give k(-5).
-3
Let q = -39 + 20. Let j = -4 - q. Suppose 3 = 12*r - j*r. Let n(c) = -10*c**3 + c**2 + c + 1. What is n(r)?
11
Let d(t) = -t - 1. Let w(x) = -x**3 + 5*x**2 - x + 4. Let q(j) = -d(j) - w(j). Suppose -3*u = -16 + 4. Determine q(u).
-11
Let o(u) = u**2 + u. Let j = -11 - -5. Let i = 8 + j. Suppose -7 = 5*x - i. What is o(x)?
0
Let p be (-3)/2*(4 + -2). Let b = 6 + p. Let r(z) = -4*z + 8*z + b*z - z**2 - 4. Determine r(6).
2
Let t = 25 + -40. Let c be t/(-6) - -3 - 6/(-4). Let a(k) = -2*k + 8. Determine a(c).
-6
Suppose 0 = 3*m - 16 - 2. Suppose -5*p - 4*a + 25 = -m*a, -3*p + 5*a = -34. Suppose 6*t - 3*t = p. Let w(g) = -6*g**3 - 2*g**2 + 1. Determine w(t).
-7
Let s(u) be the third derivative of -1/24*u**4 + 1/30*u**5 - u**2 + 0 - 1/120*u**6 + 1/6*u**3 + 0*u. Suppose 3*b + b = -2*d + 2, 2 = -5*b - 4*d. Calculate s(b).
-1
Let q(o) = -2*o**2 - 7*o - 1. Let w be q(3). Let c = -46 - w. Let v(f) = f + 8. What is v(c)?
2
Let h(x) be the second derivative of 0 - 8*x - 1/8*x**4 + 7/6*x**3 - 3/2*x**2. Let m(w) be the first derivative of h(w). Calculate m(6).
-11
Let v be (12/5)/((-9)/30). Let n = 4 + v. Let a(o) = -2*o - 4. Give a(n).
4
Let j(d) = -d + 9. Let n = 668 + -681. Give j(n).
22
Let l(x) be the first derivative of -3 - 2*x**2 - 5*x + 1/3*x**3. What is l(6)?
7
Suppose -2*q - 6 = 0, -5*q - 20 + 1 = -4*x. Let m = x - -1. Let d(y) be the third derivative of y**5/60 - y**4/12 - 217*y**2. What is d(m)?
0
Let f(h) be the first derivative of h**2/2 - 10*h - 454. Let b(v) = 2*v - 5. Let l be b(6). Determine f(l).
-3
Suppose -125*h = -128*h + 18. Let a(w) = w**3 - 7*w**2 + 6*w + 5. Determine a(h).
5
Suppose -5*o = 5*m - 10*o - 5, 3 = 3*m + 3*o. Let y(w) = -3*w**2 + 2*w - 1. Determine y(m).
-2
Suppose 4*b + 14 = 2, -23 = -4*s - 3*b. Let y = 99 + -89. Suppose y*n = s*n + 12. Let t(u) = -u**2 + 4*u + 5. Determine t(n).
-7
Let r(t) = 2 - 4*t + 7*t**2 + t + 0*t**2 - 2*t**2 - 10*t**2 - t**3. What is r(-4)?
-2
Let a(d) be the first derivative of -8/3*d**3 + 1/4*d**4 - 2*d + 3*d**2 - 46. Determine a(7).
-9
Let t(v) be the second derivative of v**6/120 - v**5/10 - v**3/6 - 2*v**2 - 9*v. Let a(r) be the first derivative of t(r). What is a(6)?
-1
Let u(y) = -y**3 + y**2 + y + 1. Let p(x) = 3*x**3 - 2 + 2 + 7*x**2 - 13*x**2 - 6 + 2*x. Let t(v) = p(v) + 2*u(v). Determine t(3).
-1
Let w(y) = -y**2 - 33*y - 224. Let d be w(-10). Let t(z) = -z**3 + 7*z**2 - 4*z - 11. Determine t(d).
1
Let c(q) = -8*q**3 + q**2 + q - 1. Suppose -5*w + 15 = -4*j - 11, 8 = -2*w - 3*j. What is c(w)?
-59
Suppose -6*l + 26 = -l + 4*a, 0 = l - 4*a - 10. Suppose -5*g - 2 = -4*g. Let b(k) = -3*k - 14. Let h(p) = p + 7. Let c(z) = g*b(z) - 5*h(z). Determine c(l).
-1
Let c(x) be the second derivative of x**7/1260 - x**6/720 - x**5/120 + 7*x**4/12 - 3*x. Let w(h) be the third derivative of c(h). Let p = 12 - 14. What is w(p)?
9
Let h(r) = 2*r**3 + 11*r**2 - 16*r - 8. Let s(a) = a**3 + 11*a**2 - 14*a - 8. Let o(q) = -2*h(q) + 3*s(q). Determine o(10).
-8
Let v(p) = p - 4 + p**2 + 2*p**3 - 7 - p. Let g(u) = 3*u**3 + u**2 - 16. Let l(h) = 5*g(h) - 7*v(h). Determine l(3).
6
Let y(g) be the second derivative of -g**4/6 + 2*g**3/3 - g**2 + g - 4. Give y(3).
-8
Let j(s) = 2*s + 6. Let r(f) = f + 3. Let z(h) = -6*j(h) + 11*r(h). Let k(w) = w**2 - 9*w + 4. Let v be k(9). Determine z(v).
-7
Let o(f) = -5*f**3 - 2*f**2 + f - 1. Let n(d) = -d**2 + 4*d + 43. Let x be n(-5). Give o(x).
29
Suppose -2*d = -3*u - 33, -4*d + 0*d = 5*u - 55. Let f = d - 11. Let c(z) = -134*z + 0 - f + 131*z - z**2. Determine c(-4).
-8
Let x(b) = 2*b + 7*b - 215 - 2*b**2 + 108 + 105. Give x(6).
-20
Let h be -1 + -1 + (-72)/(-9). Let o = 4 + h. Suppose -4*r - r + o = 0. Let l(p) = p + 2. Give l(r).
4
Let i(h) = -h**2 - 19*h + 10. Let w be i(-21). Let q = w - -28. Let c(o) be the third derivative of o**5/30 + o**4/6 - 2*o**3/3 + 2*o**2. Calculate c(q).
12
Let y(o) be the first derivative of 6*o**2 - o + 94. Calculate y(1).
11
Let z(n) = -10*n + 3. Let t(f) be the third derivative of 0 + 4*f**2 + 0*f + 2/3*f**3 - 5/12*f**4. Let j(h) = 2*t(h) - 3*z(h). Calculate j(1).
9
Let t(x) = -x**2 + 9*x - 3. Let m be t(8). Suppose -5*a + 18 = -3*z + 2, 4*a - m = 5*z. Suppose 3*o - 2 = a*o. Let c(i) = -i**2. Calculate c(o).
-1
Let j(t) = 2*t**2 - 2*t + 3. Let q(z) = z**3 + 9*z**2 + 13*z - 6. Let k be q(-7). Let s be j(k). Let n(w) = w**3 - 3*w**2 + 4*w - 4. Give n(s).
8
Suppose -6*t = 8 - 26. Let y(v) be the first derivative of v - 5/2*v**2 + t. Determine y(-1).
6
Let g(m) = m + 9. Let v(q) = 3*q + 31. Let y(l) = -2*g(l) + v(l). Suppose 0 = -0*j - j - 8. Give y(j).
5
Let m(o) = o**3 + 14*o**2 + 12*o - 19. Let p be m(-13). Let q(h) = -10*h - 6*h - 5*h + 20*h - 7. Give q(p).
-1
Let j(x) = 0 - 955*x**2 + 4 - 8*x + 1902*x**2 + 5 - 946*x**2. Calculate j(7).
2
Suppose 0*l + 2*l = -4*u + 8, 3*u = 3*l - 3. Let r(z) = -4*z**2 + z**2 - 15 + 2*z**l. Suppose 5*x = x. Calculate r(x).
-15
Let n be (1 + -2)/(2/(-10)). Let t(h) = -18*h + n*h + 7*h. Calculate t(1).
-6
Let b = -357 + 4285/12. Let p(r) be the second derivative of -b*r**4 + 7/2*r**2 - r + 0*r**3 + 0. Calculate p(0).
7
Let w(p) = 6*p + 1. Let c be (-2)/(-7) + (-235)/(-35). Let x(z) = -3*z. Let d(l) = c*x(l) + 3*w(l). Suppose 4*v - 5 = 3*m, -v + 0*v - 2 = -4*m. Give d(v).
-3
Let h(d) = -d**3 + 17*d**2 - 13*d - 44. Let m be h(16). Let t(o) = o**3 - 2*o**2 + 2*o - 4. Determine t(m).
36
Let n(h) = -h**3 + 7*h**2 - 4*h + 17. Suppose 2*p = -10*x + 13*x - 29, 27 = 5*x + 2*p. Determine n(x).
-11
Suppose 4*c - 4*d = 24, 5*c = -4*d + 21 + 9. Let k be 3/c + 52/8. Let i(x) = k + 0*x - 8 - x + 7*x**2. Calculate i(-1).
7
Let p(v) = -14*v**2 + 89*v + 111. Let j(r) = 5*r**2 - 30*r - 37. Let b(g) = -17*j(g) - 6*p(g). Calculate b(-22).
7
Suppose 26*m - 17*m = 18. Let v(y) = 25 + y - y**m + 4*y - 14 - 7. What is v(8)?
-20
Suppose 5*q + r - 4 = 6, -3*r = 15. Suppose 4*f + q*w = -2 + 7, 0 = -f - 4*w + 11. Let s be -2 - (-4 - 0 - f). Let x(m) = 3*m**3 + m**2. Determine x(s).
4
Let z(t) = 5*t**2 + 13*t - 13. Let s(l) = 8*l**2 + 26*l - 25. Let p(u) = -3*s(u) + 5*z(u). What is p(13)?
10
Let s(z) = 8*z + 3. Let f be s(0). Let p(w) be the second derivative of f*w + 0 - 2/3*w**3 + 1/2*w**2. Give p(2).
-7
Let w be 50/4*(-3)/15*2. Let u(i) = -i**3 - 6*i**2 - 6*i - 7. Calculate u(w).
-2
Let j(x) = x - 1. Let n(a) = a**3 + 7*a**2 + 3*a - 15. Let u(h) = 6*j(h) - n(h). Let y = 92 + -99. Calculate u(y).
-12
Let t(v) = 8*v - 2 - v**2 + 2*v**2 - 5. Let y(h) = -3*h**3 - 24*h**2 + 3*h + 18. Let s be y(-8). What is t(s)?
-19
Suppose -5*f + a + 6 = -0*f, f - 3*a = -10. Let u(c) be the second derivative of c**5/20 - 5*c**4/12 + c**3/2 + 2*c. What is u(f)?
-6
Let t(l) = -3*l - 35*l**2 - 35*l**2 + 6*l + 71*l**2 - 1 - 5. Give t(-3).
-6
Let c(y) = y - 12. Let j(w) be the second derivative of -w**3/6 + w**2/2 - 28*w. Let i 